8)/(-63) - (-1 - u/(-7)). Calculate the greatest common divisor of p and 10.
10
Suppose 15*n - 10*n = 40. Let f(s) = -2*s**3 + 17*s**2 - 5*s + 6. Let z be f(n). Let l(h) = 4*h. Let x be l(3). What is the highest common factor of x and z?
6
Let o be (-3)/(-63)*287 + 2/(-3). Let z(j) = -18 + 0 + j**2 - j - 6*j. Let x be z(o). What is the greatest common factor of 12 and x?
12
Suppose -2*p = 4*u - 4304, 17*p - u + 2152 = 18*p. What is the greatest common factor of 16 and p?
8
Suppose -v + 534 = -19*s + 20*s, -2*v - 2172 = -4*s. What is the highest common divisor of s and 216?
108
Suppose 4*n = j + 42, -n - 32 = -5*n - 4*j. Suppose 574*w = 585*w - 330. Calculate the highest common divisor of n and w.
10
Let p be (-3 - (-63)/12)/((-21)/(-1932)). Let w = p - 201. Let y(t) = -t**2 + 5*t + 2. Let o be y(4). Calculate the highest common divisor of w and o.
6
Let p be (-37)/(-9842)*-28 - (-1)/(38/348616). Calculate the highest common factor of p and 198.
66
Let r be (1/4)/(10/480). Calculate the greatest common divisor of r and 1308.
12
Let q(m) = 46*m + 132. Let w be q(-2). What is the highest common divisor of 1820 and w?
20
Suppose 2*f = 103 - 19. Suppose 2*g - 266 = f. Let o = -129 + 143. What is the highest common divisor of g and o?
14
Let l = 43054 + -42064. What is the greatest common divisor of l and 1260?
90
Let s be 38 - 1 - (0 + -3). Let l be (-1 + 10)/(32/(-16))*2. Let p(t) = t + 19. Let n be p(l). What is the greatest common divisor of n and s?
10
Let x(b) = 17*b**2 - 159*b - 917. Let w be x(-6). Calculate the highest common factor of w and 22.
11
Let g = 10134 - 10094. What is the highest common divisor of 1330 and g?
10
Suppose -5*y = -4 - 1. Suppose -y + 17 = -4*r. Let f be r/(-6) + -1*(-86)/6. What is the highest common divisor of f and 120?
15
Let o = -158 - -228. Suppose -74*g + 72 = -o*g. Calculate the greatest common divisor of g and 306.
18
Let y = 88461 - 88421. Let u(p) = p**3 + 6*p**2 - p. Let v be u(-5). Calculate the highest common factor of v and y.
10
Let g(q) = 62*q**2 + 17*q + 16. Let u be g(5). Let z = u - 946. What is the highest common divisor of z and 15?
15
Let h = 3666 - 3540. Let a = 12 + 6. Calculate the highest common divisor of h and a.
18
Let m be 95374/5 - (-25 - (-645)/25). Calculate the highest common divisor of 11 and m.
11
Let i = -1887 - -1893. Calculate the greatest common factor of i and 219.
3
Suppose -7*s - 4*j + 16 = -3*s, -3*j = 4*s - 12. Suppose -3*r = 3*k - 930, -2*r = -s*k - 3*k - 645. Calculate the greatest common divisor of 90 and r.
45
Let x be 1/(-1) - 4/(-1). Let f be (-2 - -6)/(x/24). Suppose 0 = 144*b - 140*b - 64. Calculate the highest common factor of f and b.
16
Let c(o) = 66*o**2 + o. Let a be c(-1). Let f = 2901 + -2862. What is the greatest common divisor of f and a?
13
Suppose p + 3*p = -20, 2*m = -3*p - 75. Let w = m + 95. Suppose -l - 104 = -5*l. What is the greatest common factor of w and l?
13
Let c(w) = 117*w + 8881. Let j be c(-58). What is the highest common divisor of 10 and j?
5
Suppose 0 = 21*i + 27*i + 1056. Let t be (1326/12)/(-17)*i. Calculate the highest common factor of 33 and t.
11
Let q(v) = 4*v**2 + 5*v + 9. Let s be q(-11). Let l = s + -424. Calculate the greatest common divisor of 182 and l.
14
Suppose 5*r = 4 + 11. Suppose 11*x - r*x = 4616. Let y = x + -325. Calculate the highest common factor of y and 28.
28
Suppose -5*o - 2250 = -5*i - 0*i, 3*o - 2*i = -1354. Let g be o/(-10) - 4/10. Let l be -5*(-10 + -6 + 13). Calculate the greatest common divisor of g and l.
15
Suppose -5*k - 24*j = -19*j - 35, k - 2*j = -8. What is the highest common divisor of 986 and k?
2
Let c(m) = -709*m + 214. Let n be c(-4). Calculate the greatest common divisor of 100 and n.
50
Let p = 4762 - -57. Calculate the highest common factor of 79 and p.
79
Let t = 44 - 45. Let m be (-1 - t - -5)*(-56)/35. Let h be m/(-52) - 2076/(-26). Calculate the greatest common factor of 20 and h.
20
Suppose 2*o = 91 + 107. Let j = -237 + 238. Let l be 342/(-19)*(-1)/j. What is the highest common divisor of o and l?
9
Let s(l) = l**3 - 18*l**2 + 2*l - 24. Let d = -22 + 16. Let p be 19 + (-2 - -7) + d. Let c be s(p). Calculate the highest common factor of 18 and c.
6
Suppose r - 162 = -2*z, -5*z - 183 = -r - 42. Calculate the greatest common divisor of r and 252.
12
Let f = -8611 + 8651. What is the highest common factor of 392 and f?
8
Suppose -17*f - 30*f = 17*f - 4224. What is the highest common factor of 672 and f?
6
Let s be (7/2)/(3/96). Suppose 0 = 4*i + 3*r - 180, 0*i = -i - 3*r + 36. What is the highest common divisor of s and i?
16
Let d = 3 - 1. Suppose 19 = -69*r + 72 + 154. Calculate the highest common factor of d and r.
1
Let m(n) = 56*n + 550. Let j be m(9). Calculate the highest common factor of 68 and j.
34
Let s(c) = -12*c + 1. Let v be s(-1). Suppose 39 = a - 2*a. Let i be 1 - 11/v - 852/a. Calculate the highest common factor of i and 2.
2
Let i(z) = z**3 + z**2 - 18*z + 26 + 2*z - 6*z**2 - 9. Let d be i(7). What is the highest common factor of 33 and d?
3
Let c(x) = 7*x**3 - x**2 - 1. Let y be c(-1). Let z be (-681)/y - (-4)/(-6). Let w = z + -55. Calculate the highest common divisor of 8 and w.
4
Let y = -1034 + 1324. What is the highest common divisor of y and 1102?
58
Let j(c) = 15*c**3 - c**2 + 46*c - 138. Let x be j(3). What is the greatest common divisor of 693 and x?
99
Let g be 13*(-23 + 1247/43). Suppose -2*l + 86 = 2*w, 2*l = -w + 5*w + 62. What is the highest common factor of l and g?
39
Let q be 15 + -20 + 5 + 136 + (0 - -2). Calculate the highest common factor of 552 and q.
138
Suppose 4*y = -5*g + 974, 2*g + 4*y + 966 = 7*g. Let n be 62/93 - g/(-6). What is the highest common divisor of n and 15?
3
Suppose 3*c = -4*n - 2446 + 3003, 5 = -5*c. Let y = 188 + -132. What is the greatest common divisor of y and n?
28
Suppose 0*c = -10*c. Suppose 8*v - 13*v + 390 = c. Let w = -43 + v. What is the highest common divisor of w and 7?
7
Suppose -8*l = -9*l - 5*v - 24, -65 = -4*l + 3*v. Calculate the highest common divisor of 31 and l.
1
Suppose -30767*l + 30759*l = -509592. What is the highest common divisor of 51 and l?
51
Let i(w) = 70*w + 9174. Let p be i(-131). Let b be (-102)/4*(-8)/3. What is the highest common factor of b and p?
4
Let h = 15717 + -11744. What is the highest common factor of 145 and h?
29
Suppose 0 = 2*q - 19 + 11, 3*f + 3*q - 4011 = 0. What is the highest common factor of 93 and f?
31
Let v(z) = z**3 + 2*z**2 + 1. Let y be v(-2). Let s = 88 - 57. What is the highest common divisor of s and y?
1
Suppose -2*s + 2 = h, 4 = s - 2*h + 4*h. Suppose -2*p + 2*u + 694 = 0, -5*u = -p - s*p + 327. What is the greatest common factor of 11 and p?
11
Suppose 0 = 81*b - 80*b - 86. Suppose 0 = 30*h - 12*h - 2322. What is the greatest common divisor of b and h?
43
Suppose m - 5*b - 2405 = -2*m, 3*b - 1597 = -2*m. Let x(o) = -62*o + 838. Let g be x(13). Calculate the greatest common divisor of m and g.
32
Suppose 154 = -j - 5*c + 413, 5*j - c = 1425. Suppose -3*r + t = 3*t - 10, -4*t = -5*r + 24. Calculate the greatest common divisor of r and j.
4
Suppose -4*d = 4*d - 168. Let h(i) = -2*i**2 + 42*i + 14. Let y be h(d). Calculate the highest common divisor of 35 and y.
7
Let h(r) = r**2 - 15*r + 4. Let w be h(15). Suppose w*b - 102 - 249 = 5*g, 4*g = 3*b - 264. What is the greatest common divisor of 96 and b?
12
Let s(i) = 2*i**2 - i + 27. Let c be s(0). Suppose 22*f + 520 = c*f. Let l = -38 + f. What is the greatest common divisor of l and 44?
22
Let r(t) = 31*t**3 - 2*t**2 + 5*t - 2. Let k be -1*((-15)/60)/(2/8). Let c be r(k). What is the highest common factor of c and 208?
16
Let s(z) = 26510 - 26510 + 9*z + 5*z**2. Let a be s(3). Suppose 0 = -t + 8 + 1. What is the highest common divisor of t and a?
9
Suppose 41*y - 290 - 95 = 271. What is the greatest common factor of y and 3464?
8
Let v = 84 - 56. Suppose -6*f + f + 4*z - 210 = 0, v = -f - 2*z. Let q = 49 + f. Calculate the greatest common divisor of q and 99.
11
Let w be (18 + 1404/(-90))/((-2)/(-60)). Suppose 2*r - 10 = -3*r. Let f be (r/4)/((-3)/(-144)). Calculate the greatest common factor of w and f.
24
Let p = -3744 + 4724. What is the highest common divisor of 21 and p?
7
Let b(z) = 7*z**2 + 5*z - 5. Let r 